et h be 99/(-66)*(-22)/(-3). Let m(w) = w**3 + 11*w**2 - 11*w - 3. What is the tens digit of m(h)?
1
Let o = -5077 + 8341. What is the thousands digit of o?
3
Suppose 3*m + j = 151, j + 3*j + 8 = 0. Suppose 332 = m*q - 47*q. What is the units digit of q?
3
Let z(u) be the second derivative of u**7/630 - u**6/360 - u**5/60 + u**4/6 + 2*u. Let o(m) be the third derivative of z(m). What is the tens digit of o(2)?
1
Suppose 3*b + 3*b = -18. Let y(m) = 6*m**2 - 2*m + 2. What is the units digit of y(b)?
2
Suppose 0 = 82*l - 58*l - 48408. What is the hundreds digit of l?
0
Let u(o) = -o**2 - 8*o - 11. Let w be u(-5). Let i be 10/(-4)*w/(-5). Suppose i*k - 17 - 21 = 0. What is the tens digit of k?
1
Suppose -46*w + 53*w - 5222 = 0. What is the hundreds digit of w?
7
Let c(o) be the third derivative of -o**6/120 - 11*o**5/60 - 7*o**4/12 - 8*o**3/3 - 19*o**2. What is the tens digit of c(-10)?
2
Let b(r) = -r**2 + 9*r + 8. Suppose 2*p = -3*p + 50. Let u be b(p). What is the tens digit of 2*((-29)/u + 3)?
3
Suppose -5*l = -3*a + 3463, -7*l + 10*l + 4610 = 4*a. What is the units digit of a?
1
What is the tens digit of 1486 - (-7 - (4 + -12 + 4))?
8
Let f = 129 - -521. Suppose 6*s = s + f. What is the units digit of s?
0
Let n(r) = 278*r**2 - 4*r - 1. Let w be n(-1). Suppose 2*u = -2*y + 4*y - 278, -u - w = -2*y. What is the hundreds digit of y?
1
Suppose 4*p - 237 = 1907. Suppose -4*g + 2*n + 2*n + p = 0, 0 = -2*g - 4*n + 298. What is the hundreds digit of g?
1
Let m = 33 - -487. Suppose -5*l + 0*l + m = 0. What is the tens digit of l?
0
Let l(o) = 292*o - 586. What is the thousands digit of l(7)?
1
Suppose -4*r + 0*r + 8 = 0. Suppose -k = -2*x - r*x + 51, 3*k = 15. Suppose 0 = -6*s + 4*s - 5*p + x, 0 = 4*s - 5*p + 2. What is the units digit of s?
2
Let x(n) = n + 5. Suppose o + 0*o + 8 = 4*c, -3*c + 6 = -4*o. Suppose 0 = -6*m + c*m + 44. What is the units digit of x(m)?
6
Let s(b) = 8*b - 3. Suppose 8*w - 3*w = 0. Suppose -a = -w*a - 7. What is the tens digit of s(a)?
5
Let g = 41 + -36. Suppose h = 3*f - 270, -2*f = -0*f - g*h - 167. What is the tens digit of f?
9
What is the tens digit of 4 - 2/6*-21?
1
Let i(p) = -p**3 + 12*p**2 - 4*p - 26. Let z be i(13). Let l = z - -346. What is the tens digit of l?
9
Let x(s) = 7*s - 3. Let r(v) = -6*v + 4. Let t(f) = -6*r(f) - 5*x(f). Let d be t(14). Let u = -3 + d. What is the units digit of u?
2
Suppose -25*d + 297546 = 76*d. What is the tens digit of d?
4
Let s = 13 - 8. Suppose -4*c + 40 = s*u, 4*u - 3*c = -0*c + 1. Suppose -u*o + 48 = -0*o. What is the tens digit of o?
1
Suppose 3*r + 16 = 5*p, 0 = 2*p - 4*r + 2 - 14. Let o = -10 + p. Let j = o + 26. What is the tens digit of j?
1
Let n be 7/28 + (-35)/(-4). Let s = n + -15. What is the units digit of (28/s)/(15/(-180))?
6
Let p = -174 - -796. What is the hundreds digit of p?
6
Suppose -p = -0*i - 3*i - 677, 5*i = -5*p + 3285. What is the tens digit of p?
6
Suppose 3*v - 3005 = -5*i, -3*v - 2*i + 3*i = -3017. Suppose 8*f = 13*f - v. What is the units digit of f?
1
Let m(w) = 6*w + 2*w - 28 + 182. What is the tens digit of m(0)?
5
Let k(q) = -130*q + 432. What is the units digit of k(-26)?
2
Let n(c) = 81*c + 557. What is the units digit of n(23)?
0
Let j = 34 + -19. Suppose 0 = 5*l - 80 + j. What is the tens digit of l?
1
Let d(t) = -6*t + 3. Let m(q) = -3*q - 8*q + 5 + 0*q. Let k(x) = 9*d(x) - 4*m(x). What is the units digit of k(-4)?
7
What is the tens digit of (-10)/(4/(-18) - (-304)/1692)?
3
Suppose -4*k = 17 + 15. Let i be ((-2)/6)/(k/72). Suppose -25 = i*s - 4*s. What is the units digit of s?
5
Suppose -u - 72 + 393 = 0. Suppose 5*j - u = -k, 63 = j - k - 0*k. What is the units digit of j?
4
Let j(c) = c**3 - 9*c**2 - c + 9. Let u be j(9). Let w(f) = f**3 - 15*f**2 - 17*f + 19. Let i be w(16). Suppose -i*z + 75 = -u*z. What is the units digit of z?
5
What is the tens digit of (-3 - -2)*3 - -3*269?
0
Let i = -31 + 34. Suppose i*y - 4*q = 41, -y - 4*y = 5*q - 80. What is the units digit of y?
5
Let d = 6 + 258. Let t = d + -100. What is the hundreds digit of t?
1
Let h(g) = -g**2 - 2*g + 12. Let k be h(-4). Suppose k*b - 274 - 238 = 0. What is the units digit of b?
8
Let t(z) = z**2 - 8*z - 11. Let h(o) = o + 1. Let m(n) = -5*h(n) - t(n). What is the units digit of m(4)?
2
Let a be (-351)/4 - 5/20. Let n = a - -147. What is the units digit of n?
9
Suppose -2 = 2*q - 6. Suppose 0 = -q*u - 2*t + 25 + 55, 4*u - 4*t = 160. What is the units digit of u?
0
Let f(a) = 419*a**2 - 25*a + 65. What is the tens digit of f(2)?
9
Let d(z) = 11*z + 1. Let b be d(-2). Let w = 1 + b. What is the units digit of ((-192)/(-40))/((-6)/w)?
6
Suppose 2*q = -3*q + 4*o - 16, -2*o + 8 = 3*q. Suppose -v - v = q. Suppose -3*f + 144 = -v*f. What is the tens digit of f?
4
Let n(f) = -f**3 + 19*f**2 + 15*f - 3. What is the tens digit of n(17)?
3
Let s = 9 - 5. Suppose s*u = 8 - 0. Suppose -u*k + 200 = 2*k. What is the tens digit of k?
5
Let k(l) = l**2 + 3*l - 10. Let a be 1/(2 + (-14)/8). Suppose -35 = a*t + t. What is the units digit of k(t)?
8
What is the units digit of 9/6*1648/6?
2
Suppose 3*q = -0*q + 6. Suppose 2*z = 5*u + 5*z - 679, q*z - 681 = -5*u. What is the hundreds digit of u?
1
Let r = 1303 + 625. Let g be 3/21 + r/28. Suppose -c - g = -4*c. What is the tens digit of c?
2
Let s(t) = 17*t - 3 + 10*t**2 + 7 - 24*t. Let m be s(4). Suppose -5*u + m = -u. What is the units digit of u?
4
Suppose 0 = -194*f + 188*f + 18138. What is the thousands digit of f?
3
Suppose g = 7*g - 3018. What is the units digit of g?
3
Let d be 5490/(-75)*10/(-4). Let c = d + -123. What is the units digit of c?
0
Suppose 0 = 35*y - 98178 + 24363. What is the hundreds digit of y?
1
Let h(m) = -m**3 - 4*m**2 + 9*m + 9. Let d be h(-6). Let s = d - -16. What is the tens digit of s?
4
Let y = 31 - 16. Let u = 64 + y. What is the tens digit of u?
7
Let t(d) be the third derivative of 19*d**5/60 + d**4/24 - d**3/2 - 21*d**2. What is the tens digit of t(2)?
7
Let p be -3 + 2 + 3 - (-1 + -1). Suppose 311 = 3*n + k, 0 = p*n - 2*k + 3*k - 416. What is the units digit of n?
5
Let q(l) = -75*l**2 - 4*l - 5. Let i be q(-2). Let m = i - -552. What is the hundreds digit of m?
2
Suppose 4*v = -3*w + 713 + 444, -5*w = 2*v - 1905. What is the units digit of w?
9
Let m(w) = 28*w + 10. What is the tens digit of m(9)?
6
Let p(b) = 7*b + 1. Let n be p(3). Let i = -35 - -37. What is the tens digit of (n/6)/(i/12)?
2
Let n = -1525 + 2166. What is the hundreds digit of n?
6
Let i(p) = -p**3 - 5*p**2 - 2*p + 5. Let c be i(-4). What is the tens digit of 62 - ((8 - 8) + c/(-1))?
5
Suppose c - 7*c = 396. Suppose -4*i = 5*v + 173, 3*i + 137 + 19 = 5*v. Let r = i - c. What is the units digit of r?
9
Let t(p) = 2*p**3 - 21*p**2 - 20*p - 14. Let a(f) = -f**3 + f**2 - f. Let z(y) = -a(y) - t(y). What is the units digit of z(21)?
4
Let h = 654 + 2027. What is the tens digit of h?
8
Let q = 59 + 408. What is the tens digit of q?
6
What is the tens digit of ((-102)/(-85))/(2/785)?
7
Let x(w) = -9*w - 1. Let z be x(-1). Suppose -4*u - 5*o + 1 = z, -15 = 5*o. What is the tens digit of -3 + u/2 - -12?
1
Suppose n + 3*p = 1293, -3*n + 3488 = -3*p - 403. Suppose -165 = 13*k - n. What is the units digit of k?
7
Let p(f) = -15*f**2 + 6*f - 3. Let s(g) = g**2 - g. Let c(n) = p(n) + 4*s(n). Let w be c(2). Let h = -24 - w. What is the tens digit of h?
1
Let w(q) = 87*q**3 - 2*q + 1. What is the units digit of w(1)?
6
Let f(a) = 74*a**3 + a**2 - 3*a + 6. What is the hundreds digit of f(2)?
5
Let y(g) = 5*g**3 - 39*g**2 + 12*g + 16. What is the units digit of y(9)?
0
Let h = -146 + 1185. What is the units digit of h?
9
Let b(i) = 2*i**3 - 6*i**2 - 35*i + 8. What is the hundreds digit of b(10)?
0
Let v = -70 + 936. What is the tens digit of v?
6
Let n(k) = -229*k + 4. What is the units digit of n(-4)?
0
Suppose 32*u = 40*u - 5464. What is the hundreds digit of u?
6
Let o = 0 + 7. Let m(y) = y**2 - 9*y + 9. Let s be m(o). Let a = 26 + s. What is the units digit of a?
1
Suppose 9*c + 31 = 10*c. Let p = 127 - c. What is the units digit of p?
6
Let q(x) = 3*x**3 - 7*x**2 + 29*x - 14. Let w(l) = -8*l**3 + 21*l**2 - 88*l + 42. Let m(d) = 11*q(d) + 4*w(d). What is the units digit of m(-10)?
4
Suppose -4*w = -201 - 631. Let y be (w/10 - 1)*5. Suppose 2